{"id":1353,"date":"2023-10-27T17:00:20","date_gmt":"2023-10-27T15:00:20","guid":{"rendered":"https:\/\/www.priscillecolletjean.com\/?page_id=1353"},"modified":"2024-12-23T11:15:12","modified_gmt":"2024-12-23T10:15:12","slug":"accompagnement-professionnel","status":"publish","type":"page","link":"https:\/\/www.priscillecolletjean.com\/index.php\/accompagnement-professionnel\/","title":{"rendered":"Accompagnement professionnel"},"content":{"rendered":"<div class=\"wpb-content-wrapper\">[vc_row][vc_column][vc_column_text]\n<h1 style=\"text-align: center;\">Accompagnement professionnel<\/h1>\n[\/vc_column_text][gt3_spacing height=&#8221;32px&#8221;][vc_separator style=&#8221;shadow&#8221; border_width=&#8221;3&#8243; el_width=&#8221;40&#8243;][gt3_spacing height=&#8221;16px&#8221;][gt3_custom_text text_color=&#8221;#5c656d&#8221; font_size=&#8221;16&#8243;]\n<p style=\"text-align: center;\"><em>Business coach syst\u00e9mique et strat\u00e9gique, certifi\u00e9e Paris 8<\/em><\/p>\n[\/gt3_custom_text][gt3_spacing height=&#8221;32px&#8221;][vc_column_text]\n<h3 style=\"font-weight: 400;\">Mon experience<\/h3>\n[\/vc_column_text][gt3_spacing height=&#8221;32px&#8221;][\/vc_column][\/vc_row][vc_row][vc_column width=&#8221;1\/4&#8243;][vc_single_image image=&#8221;1373&#8243; img_size=&#8221;medium&#8221; alignment=&#8221;center&#8221; style=&#8221;vc_box_outline&#8221; border_color=&#8221;green&#8221;][gt3_spacing height=&#8221;16px&#8221;][\/vc_column][vc_column width=&#8221;3\/4&#8243;][vc_column_text]Le coaching et plus g\u00e9n\u00e9ralement l\u2019accompagnement professionnel qu\u2019il soit individuel ou collectif se trouve \u00e0 la crois\u00e9e des mes chemins. C\u2019est en alliant mes comp\u00e9tences et mon exp\u00e9rience que j\u2019accomplis les missions d\u2019accompagnement qui me sont confi\u00e9es.<\/p>\n<p>Dipl\u00f4m\u00e9e de Dauphine et d\u2019HEC\/ESCP, j\u2019ai \u00e9crit un premier chapitre de ma vie professionnelle en g\u00e9rant une PME cr\u00e9\u00e9e en 2005. J\u2019ai vogu\u00e9 pendant 18 ans au gr\u00e9 des al\u00e9as et des succ\u00e8s mon entreprise. Mes clients \u00e9taient alors des PME parisiennes, des cabinets d\u2019avocats, d\u2019expertise comptable, d\u2019agences de communication, j\u2019ai donc appris \u00e0 comprendre et m\u2019adapter aux strat\u00e9gies et probl\u00e9matiques de mes clients.<\/p>\n<p>De cette exp\u00e9rience humaine, manag\u00e9riale et organisationnelle, je tire une compr\u00e9hension pr\u00e9cise et incarn\u00e9e d\u2019un grand nombre de probl\u00e9matiques business.<\/p>\n<p>Par ailleurs, form\u00e9e \u00e0 la psychologie (Universit\u00e9 Paris 7) et sp\u00e9cialis\u00e9e en syst\u00e9mie-strat\u00e9gie (Ecole LACT \u2013 Paris 8), je guide les organisations dans leur d\u00e9veloppement \u00e0 la fois manag\u00e9rial et strat\u00e9gique, et accompagne les individus dans la r\u00e9solution des probl\u00e8mes li\u00e9s au monde du travail.[\/vc_column_text][\/vc_column][\/vc_row][vc_row][vc_column][gt3_spacing height=&#8221;32px&#8221;][vc_column_text]\n<h3 style=\"font-weight: 400;\">Mes outils<\/h3>\n[\/vc_column_text][gt3_spacing height=&#8221;16px&#8221;][vc_column_text]En m\u2019appuyant sur la m\u00e9thode syst\u00e9mique strat\u00e9gique, j\u2019interviens dans les organisations en m\u2019int\u00e9ressant aux interactions qui s\u2019y tissent, aux processus \u00e0 l\u2019\u0153uvre.<\/p>\n<p>A partir d\u2019un diagnostic op\u00e9ratoire, je vais travailler \u00e0 identifier les ressources de l\u2019organisation en tenant comptes des ressources individuelles et collectives, et proposer des modalit\u00e9s alternatives, \u00e9cologiques, accessibles et efficaces.<\/p>\n<p>Cette lecture interactionnelle de l\u2019entreprise permet de sortir d\u2019une vision \u00ab\u00a0fautive\u00a0\u00bb de la situation probl\u00e9matique, au profit d\u2019une vision tourn\u00e9e vers une solution o\u00f9 les diff\u00e9rents intervenants peuvent trouver une mani\u00e8re plus fonctionnelle de se mettre en relation.<\/p>\n[\/vc_column_text][gt3_spacing height=&#8221;32px&#8221;][vc_column_text]\n<h3 style=\"font-weight: 400;\">Mes accompagnements<\/h3>\n[\/vc_column_text][gt3_spacing height=&#8221;16px&#8221;][\/vc_column][\/vc_row][vc_row][vc_column width=&#8221;1\/3&#8243;][vc_single_image image=&#8221;1533&#8243; img_size=&#8221;medium&#8221; alignment=&#8221;center&#8221; style=&#8221;vc_box_outline&#8221; border_color=&#8221;green&#8221;][gt3_spacing height=&#8221;16px&#8221;][vc_column_text]\n<h3 style=\"text-align: center;\">Coaching de dirigeant.e<\/h3>\n[\/vc_column_text][gt3_spacing height=&#8221;16px&#8221;][vc_column_text]Cheffe d\u2019entreprise d\u2019une PME pendant 18 ans, j\u2019ai moi-m\u00eame \u00e9t\u00e9 soumise aux al\u00e9as de mon entreprise, \u00e0 la difficult\u00e9 de prendre des d\u00e9cisions, et \u00e0 la r\u00e9alit\u00e9 d\u2019\u00eatre seul.e \u00e0 en porter les cons\u00e9quences. Et pourtant face \u00e0 ces difficult\u00e9s, peu de dirigeant.es de PME ont le r\u00e9flexe de se faire accompagner. Je propose un accompagnement sur mesure qui permet de sortir de cette charge mentale par l\u2019\u00e9coute et le questionnement bienveillant autour de la strat\u00e9gie.[\/vc_column_text][gt3_spacing height=&#8221;16px&#8221;][\/vc_column][vc_column width=&#8221;1\/3&#8243;][vc_single_image image=&#8221;1539&#8243; img_size=&#8221;medium&#8221; alignment=&#8221;center&#8221; style=&#8221;vc_box_outline&#8221; border_color=&#8221;green&#8221;][gt3_spacing height=&#8221;16px&#8221;][vc_column_text]\n<h3 style=\"text-align: center;\">Intervention individuelle<\/h3>\n[\/vc_column_text][gt3_spacing height=&#8221;16px&#8221;][vc_column_text]Je propose un accompagnement personnalis\u00e9 pour les personnes qui ont besoin de faire \u00e9voluer leur situation dans le monde du travail.<\/p>\n<p>Cela peut concerner des situations de souffrance au travail (burn-out, harc\u00e8lement..), mais aussi la pr\u00e9paration pour prendre en main un nouveau poste, ou toute personne ayant un objectif \u00e0 atteindre (changer de poste, travailler l\u2019assertivit\u00e9,\u2026)[\/vc_column_text][gt3_spacing height=&#8221;16px&#8221;][\/vc_column][vc_column width=&#8221;1\/3&#8243;][vc_single_image image=&#8221;1360&#8243; img_size=&#8221;medium&#8221; alignment=&#8221;center&#8221; style=&#8221;vc_box_outline&#8221; border_color=&#8221;green&#8221;][gt3_spacing height=&#8221;16px&#8221;][vc_column_text]\n<h3 style=\"text-align: center;\">Intervention collective<\/h3>\n[\/vc_column_text][gt3_spacing height=&#8221;16px&#8221;][vc_column_text]Je propose d&#8217;accompagner les organisations dans leur conduite du changement, le d\u00e9veloppement de l&#8217;intelligence collective, la r\u00e9solution de leurs probl\u00e8mes humains ou organisationnels.[\/vc_column_text][gt3_spacing height=&#8221;16px&#8221;][\/vc_column][\/vc_row][vc_row][vc_column][gt3_spacing height=&#8221;32px&#8221;][\/vc_column][\/vc_row][vc_row full_width=&#8221;stretch_row_content&#8221; css=&#8221;.vc_custom_1698425709452{background-color: #0b5345 !important;}&#8221;][vc_column][gt3_spacing height=&#8221;16px&#8221;][\/vc_column][\/vc_row]\n<\/div>","protected":false},"excerpt":{"rendered":"<p>[vc_row][vc_column][vc_column_text] Accompagnement professionnel [\/vc_column_text][gt3_spacing height=&#8221;32px&#8221;][vc_separator style=&#8221;shadow&#8221; border_width=&#8221;3&#8243; el_width=&#8221;40&#8243;][gt3_spacing height=&#8221;16px&#8221;][gt3_custom_text text_color=&#8221;#5c656d&#8221; font_size=&#8221;16&#8243;] Business coach syst\u00e9mique et strat\u00e9gique, certifi\u00e9e Paris 8 [\/gt3_custom_text][gt3_spacing height=&#8221;32px&#8221;][vc_column_text] Mon experience [\/vc_column_text][gt3_spacing height=&#8221;32px&#8221;][\/vc_column][\/vc_row][vc_row][vc_column width=&#8221;1\/4&#8243;][vc_single_image image=&#8221;1373&#8243; img_size=&#8221;medium&#8221; alignment=&#8221;center&#8221; style=&#8221;vc_box_outline&#8221; border_color=&#8221;green&#8221;][gt3_spacing height=&#8221;16px&#8221;][\/vc_column][vc_column width=&#8221;3\/4&#8243;][vc_column_text]Le coaching et plus g\u00e9n\u00e9ralement l\u2019accompagnement professionnel qu\u2019il soit individuel ou collectif se trouve \u00e0 la crois\u00e9e des mes chemins. C\u2019est en alliant [&hellip;]<\/p>\n","protected":false},"author":1,"featured_media":0,"parent":0,"menu_order":0,"comment_status":"closed","ping_status":"closed","template":"","meta":{"footnotes":""},"class_list":["post-1353","page","type-page","status-publish","hentry"],"_links":{"self":[{"href":"https:\/\/www.priscillecolletjean.com\/index.php\/wp-json\/wp\/v2\/pages\/1353","targetHints":{"allow":["GET"]}}],"collection":[{"href":"https:\/\/www.priscillecolletjean.com\/index.php\/wp-json\/wp\/v2\/pages"}],"about":[{"href":"https:\/\/www.priscillecolletjean.com\/index.php\/wp-json\/wp\/v2\/types\/page"}],"author":[{"embeddable":true,"href":"https:\/\/www.priscillecolletjean.com\/index.php\/wp-json\/wp\/v2\/users\/1"}],"replies":[{"embeddable":true,"href":"https:\/\/www.priscillecolletjean.com\/index.php\/wp-json\/wp\/v2\/comments?post=1353"}],"version-history":[{"count":37,"href":"https:\/\/www.priscillecolletjean.com\/index.php\/wp-json\/wp\/v2\/pages\/1353\/revisions"}],"predecessor-version":[{"id":1540,"href":"https:\/\/www.priscillecolletjean.com\/index.php\/wp-json\/wp\/v2\/pages\/1353\/revisions\/1540"}],"wp:attachment":[{"href":"https:\/\/www.priscillecolletjean.com\/index.php\/wp-json\/wp\/v2\/media?parent=1353"}],"curies":[{"name":"wp","href":"https:\/\/api.w.org\/{rel}","templated":true}]}}