{"id":48,"date":"2023-09-23T16:56:17","date_gmt":"2023-09-23T14:56:17","guid":{"rendered":"https:\/\/www.priscillecolletjean.com\/?page_id=48"},"modified":"2024-12-23T11:18:42","modified_gmt":"2024-12-23T10:18:42","slug":"mon-parcours","status":"publish","type":"page","link":"https:\/\/www.priscillecolletjean.com\/index.php\/mon-parcours\/","title":{"rendered":"Mon parcours"},"content":{"rendered":"<div class=\"wpb-content-wrapper\">[vc_row][vc_column][vc_column_text]\n<h1 style=\"text-align: center;\">Mon parcours<\/h1>\n[\/vc_column_text][vc_separator style=&#8221;shadow&#8221; border_width=&#8221;3&#8243; el_width=&#8221;40&#8243;][gt3_spacing height=&#8221;32px&#8221;][\/vc_column][\/vc_row][vc_row][vc_column width=&#8221;1\/4&#8243;][vc_single_image image=&#8221;1541&#8243; img_size=&#8221;medium&#8221; style=&#8221;vc_box_shadow_border&#8221;][gt3_spacing height=&#8221;16px&#8221;][vc_single_image image=&#8221;1376&#8243; img_size=&#8221;medium&#8221; style=&#8221;vc_box_shadow_border&#8221;][gt3_spacing height=&#8221;16px&#8221;][vc_single_image image=&#8221;1544&#8243; img_size=&#8221;medium&#8221; style=&#8221;vc_box_shadow_border&#8221;][\/vc_column][vc_column width=&#8221;3\/4&#8243;][vc_column_text]<span style=\"font-weight: 400;\">A 14 ans, ma vocation \u00e9tait claire\u00a0: \u00ab\u00a0Quand je serai grande je serai psychologue\u00a0\u00bb. La vie en a d\u00e9cid\u00e9 autrement, mais pas moi.<\/span><\/p>\n<p><span style=\"font-weight: 400;\">J\u2019ai d\u2019abord suivi le parcours qui m\u2019\u00e9tait propos\u00e9. Apr\u00e8s une ma\u00eetrise de sciences de gestion et de droit des affaires internationales \u00e0 l\u2019universit\u00e9 Paris IX Dauphine, j\u2019ai obtenu un master de droit des affaires internationales \u00e0 l\u2019ESCP\/HEC Paris en 2003.\u00a0<\/span><\/p>\n<p><span style=\"font-weight: 400;\">Deux ans plus tard, d\u00e9\u00e7ue par mon d\u00e9but de carri\u00e8re en cabinet d\u2019avocats, j\u2019ai d\u00e9cid\u00e9 d\u2019entreprendre. C\u2019est ainsi que je me suis associ\u00e9e avec un ami qui avait lanc\u00e9 son activit\u00e9 depuis 3 ans dans le domaine des services informatiques aux professionnels (TPE, PME, professions lib\u00e9rales\u2026). Il \u00e9tait en charge de tout ce qui \u00e9tait technique et commercial tandis que je g\u00e9rais toutes les fonctions supports. Nous avons ainsi d\u00e9velopp\u00e9 progressivement notre structure, 18 ann\u00e9es durant.<\/span><\/p>\n<p><span style=\"font-weight: 400;\">Chemin faisant et fid\u00e8le \u00e0 mes premi\u00e8res amours, en parall\u00e8le d\u2019une vie professionnelle intense, j\u2019ai entrepris un cursus de psychologie au sein des universit\u00e9s Paris VII et Paris VIII et j\u2019ai obtenu ma licence en 2014. Mais la vie impose des choix et le d\u00e9veloppement de ma PME n\u00e9cessitait que je m\u2019y consacre totalement.\u00a0<\/span><\/p>\n<p><span style=\"font-weight: 400;\">Les clients se multipliaient, les collaborateurs et collaboratrices \u00e9taient de plus en plus nombreux \u00e0 nous rejoindre, la croissance battait son plein.<\/span><\/p>\n<p>&nbsp;<\/p>\n<p><span style=\"font-weight: 400;\">Ainsi, en 2021, \u00e0 la t\u00eate d\u2019une PME de 70 personnes en pleine croissance, et consciente du temps qui passe, j\u2019ai d\u00e9cid\u00e9 qu\u2019il \u00e9tait temps pour moi d\u2019\u00e9crire une nouvelle page de ma vie professionnelle. J\u2019ai c\u00e9d\u00e9 mon activit\u00e9 et fait le choix de la reconversion.<\/span><\/p>\n<p><span style=\"font-weight: 400;\">Profond\u00e9ment convaincue de la pertinence et de l\u2019efficacit\u00e9 du mod\u00e8le de Palo Alto, passionn\u00e9e par la syst\u00e9mie et ses diff\u00e9rentes applications, je me suis inscrite \u00e0 l\u2019\u00e9cole LACT, repr\u00e9sentante en France de l\u2019\u00e9cole de Palo Alto et certifi\u00e9e par l\u2019universit\u00e9 Paris VIII, afin d\u2019y suivre une formation syst\u00e9mique et strat\u00e9gique en 4 ans.\u00a0<\/span><\/p>\n<p><span style=\"font-weight: 400;\">Me voici donc enfin aujourd\u2019hui syst\u00e9micienne, clinicienne de la relation, certifi\u00e9e business coach par l\u2019universit\u00e9 Paris VIII et forte d\u2019une exp\u00e9rience business de 18 ans. Je propose des accompagnements individuels et collectifs, th\u00e9rapeutiques ou professionnels afin d\u2019aider toutes celles et ceux qui en ont besoin \u00e0 engager un processus de changement via le mod\u00e8le de Palo Alto.<\/span><\/p>\n<p>&nbsp;<\/p>\n<p><span style=\"font-weight: 400;\">Encore un mot, car j\u2019ai \u00e0 c\u0153ur que ma pr\u00e9sentation soit la plus compl\u00e8te possible. J\u2019ai une sensibilit\u00e9 f\u00e9ministe affirm\u00e9e et ce depuis ma premi\u00e8re partie de <\/span><i><span style=\"font-weight: 400;\">Qui est-ce ? <\/span><\/i><span style=\"font-weight: 400;\">(24 personnages, 5 femmes seulement). Le sort des femmes, leur place, leurs droits\u2026ces sujets me pr\u00e9occupent depuis toujours. J\u2019ai suivi la formation de Dany Gerbinet \u00e0 l\u2019Institut de l\u2019Inverse relative \u00e0 la prise en charge des femmes victimes de violences conjugales physiques et\/ou psychologiques en 2022. J\u2019ai \u00e9galement eu la chance de participer au training feministe de Feminist in the city en 2023. Ma pratique professionnelle est habit\u00e9e par le souhait d\u2019aider les femmes.<\/span>[\/vc_column_text][\/vc_column][\/vc_row][vc_row][vc_column][gt3_spacing height=&#8221;32px&#8221;][\/vc_column][\/vc_row][vc_row full_width=&#8221;stretch_row_content&#8221; css=&#8221;.vc_custom_1698425811454{background-color: #0b5345 !important;}&#8221;][vc_column][gt3_spacing height=&#8221;16px&#8221;][\/vc_column][\/vc_row]\n<\/div>","protected":false},"excerpt":{"rendered":"<p>[vc_row][vc_column][vc_column_text] Mon parcours [\/vc_column_text][vc_separator style=&#8221;shadow&#8221; border_width=&#8221;3&#8243; el_width=&#8221;40&#8243;][gt3_spacing height=&#8221;32px&#8221;][\/vc_column][\/vc_row][vc_row][vc_column width=&#8221;1\/4&#8243;][vc_single_image image=&#8221;1541&#8243; img_size=&#8221;medium&#8221; style=&#8221;vc_box_shadow_border&#8221;][gt3_spacing height=&#8221;16px&#8221;][vc_single_image image=&#8221;1376&#8243; img_size=&#8221;medium&#8221; style=&#8221;vc_box_shadow_border&#8221;][gt3_spacing height=&#8221;16px&#8221;][vc_single_image image=&#8221;1544&#8243; img_size=&#8221;medium&#8221; style=&#8221;vc_box_shadow_border&#8221;][\/vc_column][vc_column width=&#8221;3\/4&#8243;][vc_column_text]A 14 ans, ma vocation \u00e9tait claire\u00a0: \u00ab\u00a0Quand je serai grande je serai psychologue\u00a0\u00bb. La vie en a d\u00e9cid\u00e9 autrement, mais pas moi. J\u2019ai d\u2019abord suivi le parcours qui m\u2019\u00e9tait propos\u00e9. Apr\u00e8s une ma\u00eetrise de [&hellip;]<\/p>\n","protected":false},"author":1,"featured_media":102,"parent":0,"menu_order":0,"comment_status":"closed","ping_status":"closed","template":"","meta":{"footnotes":""},"class_list":["post-48","page","type-page","status-publish","has-post-thumbnail","hentry"],"_links":{"self":[{"href":"https:\/\/www.priscillecolletjean.com\/index.php\/wp-json\/wp\/v2\/pages\/48","targetHints":{"allow":["GET"]}}],"collection":[{"href":"https:\/\/www.priscillecolletjean.com\/index.php\/wp-json\/wp\/v2\/pages"}],"about":[{"href":"https:\/\/www.priscillecolletjean.com\/index.php\/wp-json\/wp\/v2\/types\/page"}],"author":[{"embeddable":true,"href":"https:\/\/www.priscillecolletjean.com\/index.php\/wp-json\/wp\/v2\/users\/1"}],"replies":[{"embeddable":true,"href":"https:\/\/www.priscillecolletjean.com\/index.php\/wp-json\/wp\/v2\/comments?post=48"}],"version-history":[{"count":17,"href":"https:\/\/www.priscillecolletjean.com\/index.php\/wp-json\/wp\/v2\/pages\/48\/revisions"}],"predecessor-version":[{"id":1545,"href":"https:\/\/www.priscillecolletjean.com\/index.php\/wp-json\/wp\/v2\/pages\/48\/revisions\/1545"}],"wp:featuredmedia":[{"embeddable":true,"href":"https:\/\/www.priscillecolletjean.com\/index.php\/wp-json\/wp\/v2\/media\/102"}],"wp:attachment":[{"href":"https:\/\/www.priscillecolletjean.com\/index.php\/wp-json\/wp\/v2\/media?parent=48"}],"curies":[{"name":"wp","href":"https:\/\/api.w.org\/{rel}","templated":true}]}}